{"id":8974,"date":"2022-02-08T21:52:08","date_gmt":"2022-02-09T00:52:08","guid":{"rendered":"https:\/\/blog.grupoportfolio.com.br\/portfolio-tech\/?page_id=8974"},"modified":"2022-02-25T11:53:34","modified_gmt":"2022-02-25T14:53:34","slug":"minha-cooperativa","status":"publish","type":"page","link":"https:\/\/blog.grupoportfolio.com.br\/portfolio-tech\/minha-cooperativa\/","title":{"rendered":"Minha Cooperativa"},"content":{"rendered":"<p>[vc_row full_width=&#8221;stretch_row&#8221; css=&#8221;.vc_custom_1600195021649{padding-top: 230px !important;padding-bottom: 130px !important;background-color: #3192d0 !important;}&#8221;][vc_column css=&#8221;.vc_custom_1513003956648{padding-top: 0px !important;}&#8221;][vc_row_inner content_placement=&#8221;bottom&#8221;][vc_column_inner width=&#8221;1\/2&#8243; css=&#8221;.vc_custom_1515605719516{padding-top: 30px !important;padding-left: 0px !important;}&#8221;]<header class=\"kd-section-title col-lg-12 text-left    \" ><h2 class=\"separator_off\" style=\"color: #ffffff;font-size: 45px;\">Automatize a experi\u00eancia dos seus cooperados com o App Minha Cooperativa.<\/h2><\/header>[vc_btn title=&#8221;FALE COM UM ESPECIALISTA&#8221; style=&#8221;custom&#8221; custom_background=&#8221;#1dd985&#8243; custom_text=&#8221;#ffffff&#8221; link=&#8221;url:%23contato&#8221;][\/vc_column_inner][vc_column_inner width=&#8221;1\/2&#8243; css=&#8221;.vc_custom_1516118904697{padding-right: 0px !important;}&#8221;][vc_single_image image=&#8221;8589&#8243; img_size=&#8221;full&#8221; alignment=&#8221;center&#8221; css=&#8221;.vc_custom_1644364711710{margin-top: 50px !important;}&#8221;][\/vc_column_inner][\/vc_row_inner][\/vc_column][\/vc_row][vc_row css=&#8221;.vc_custom_1643809421717{padding-top: 40px !important;padding-bottom: 40px !important;}&#8221;][vc_column][vc_row_inner][vc_column_inner][vc_empty_space height=&#8221;25px&#8221;]<header class=\"kd-section-title col-lg-12 text-center solid-line sep-border-width-2     vc_custom_1644365780341\" ><h2 class=\"separator_on\" >Inova\u00e7\u00e3o e Praticidade na comunica\u00e7\u00e3o com o Cooperado<\/h2><div class=\"kd-separator below_title\" ><div class=\"kd-separator-line\" ><\/div><\/div><h6 class=\"subtitle \" >Criado especialmente para o modelo organizacional das cooperativas de sa\u00fade, o app Minha Cooperativa facilita a comunica\u00e7\u00e3o e o relacionamento com os m\u00e9dicos cooperados.<\/h6><\/header>[\/vc_column_inner][\/vc_row_inner][vc_row_inner equal_height=&#8221;yes&#8221; gap=&#8221;20&#8243;][vc_column_inner width=&#8221;1\/3&#8243; css=&#8221;.vc_custom_1643808891619{padding-right: 0px !important;padding-left: 0px !important;background-color: #fafafa !important;border-radius: 10px !important;}&#8221;]<div class=\"key-icon-box icon-default icon-top cont-center  box-bg-color kd-animated zoomIn\" style=\"background-color: transparent; border: none;\" ><div class=\"ib-wrapper\"><div class=\"tt-iconbox-customimg img_small_size\"><img decoding=\"async\" width=\"100\" height=\"100\" src=\"https:\/\/i0.wp.com\/blog.grupoportfolio.com.br\/portfolio-formacao\/wp-content\/uploads\/sites\/2\/2022\/02\/COOPERATIVA-PERSONALIZAVEL.png?fit=100%2C100&amp;ssl=1\" class=\"attachment-full\" alt=\"\" \/><\/div><h6 class=\"service-heading\" >Personaliz\u00e1vel<\/h6><p >Funcionalidades de acordo com as necessidades da organiza\u00e7\u00e3o.<\/p><\/div><\/div>[\/vc_column_inner][vc_column_inner width=&#8221;1\/3&#8243; css=&#8221;.vc_custom_1643808919158{padding-right: 0px !important;padding-left: 0px !important;background-color: #fafafa !important;border-radius: 10px !important;}&#8221;]<div class=\"key-icon-box icon-default icon-top cont-center  box-bg-color kd-animated zoomIn\" style=\"background-color: transparent; border: none;\" data-animation-delay=200><div class=\"ib-wrapper\"><div class=\"tt-iconbox-customimg img_small_size\"><img decoding=\"async\" width=\"100\" height=\"100\" src=\"https:\/\/i0.wp.com\/blog.grupoportfolio.com.br\/portfolio-formacao\/wp-content\/uploads\/sites\/2\/2022\/02\/COOPERATIVA-ADAPTAVEL.png?fit=100%2C100&amp;ssl=1\" class=\"attachment-full\" alt=\"\" \/><\/div><h6 class=\"service-heading\" >Adapt\u00e1vel<\/h6><p >Integra\u00e7\u00f5es com os sistemas utilizados pela sua cooperativa.<\/p><\/div><\/div>[\/vc_column_inner][vc_column_inner width=&#8221;1\/3&#8243; css=&#8221;.vc_custom_1643808934158{padding-right: 0px !important;padding-left: 0px !important;background-color: #fafafa !important;border-radius: 10px !important;}&#8221;]<div class=\"key-icon-box icon-default icon-top cont-center  box-bg-color kd-animated zoomIn\" style=\"background-color: transparent; border: none;\" data-animation-delay=400><div class=\"ib-wrapper\"><div class=\"tt-iconbox-customimg img_small_size\"><img decoding=\"async\" width=\"100\" height=\"100\" src=\"https:\/\/i0.wp.com\/blog.grupoportfolio.com.br\/portfolio-formacao\/wp-content\/uploads\/sites\/2\/2022\/02\/COOPERATIVA-PRATICO.png?fit=100%2C100&amp;ssl=1\" class=\"attachment-full\" alt=\"\" \/><\/div><h6 class=\"service-heading\" >Pr\u00e1tico<\/h6><p >Comunica\u00e7\u00e3o em tempo real e acesso a informa\u00e7\u00f5es essenciais.<\/p><\/div><\/div>[\/vc_column_inner][\/vc_row_inner][\/vc_column][\/vc_row][vc_row equal_height=&#8221;yes&#8221; content_placement=&#8221;middle&#8221; css=&#8221;.vc_custom_1644523367653{padding-bottom: 40px !important;}&#8221;][vc_column width=&#8221;2\/5&#8243;][vc_row_inner equal_height=&#8221;yes&#8221; content_placement=&#8221;middle&#8221; css=&#8221;.vc_custom_1644523318231{padding-top: 60px !important;}&#8221;][vc_column_inner]<header class=\"kd-section-title col-lg-12 text-center    \" ><h2 class=\"separator_off\" >Conhe\u00e7a as vantagens do app Minha Cooperativa para a sua organiza\u00e7\u00e3o:<\/h2><\/header>[\/vc_column_inner][\/vc_row_inner][\/vc_column][vc_column width=&#8221;3\/5&#8243;][info_list_father connector_h=&#8221;20&#8243; listclr=&#8221;#1dd985&#8243;][info_list_son width=&#8221;45&#8243; height=&#8221;45&#8243; imgstyle=&#8221;img-thumbnail&#8221; titleclr=&#8221;#000000&#8243; title=&#8221;Fortale\u00e7a sua marca&#8221; image_id=&#8221;9103&#8243;][\/info_list_son][info_list_son width=&#8221;45&#8243; height=&#8221;45&#8243; imgstyle=&#8221;img-thumbnail&#8221; titleclr=&#8221;#000000&#8243; title=&#8221;Melhore a experi\u00eancia do Cooperado&#8221; image_id=&#8221;9103&#8243;][\/info_list_son][info_list_son width=&#8221;45&#8243; height=&#8221;45&#8243; imgstyle=&#8221;img-thumbnail&#8221; titleclr=&#8221;#000000&#8243; title=&#8221;Entregue informa\u00e7\u00f5es importantes, como extratos financeiros e produ\u00e7\u00e3o m\u00e9dica&#8221; image_id=&#8221;9103&#8243;][\/info_list_son][info_list_son width=&#8221;45&#8243; height=&#8221;45&#8243; imgstyle=&#8221;img-thumbnail&#8221; titleclr=&#8221;#000000&#8243; title=&#8221;Integre e aproxime a comunica\u00e7\u00e3o entre Cooperado e Cooperativa&#8221; image_id=&#8221;9103&#8243;][\/info_list_son][info_list_son width=&#8221;45&#8243; height=&#8221;45&#8243; imgstyle=&#8221;img-thumbnail&#8221; titleclr=&#8221;#000000&#8243; title=&#8221;Garanta maior produtividade e melhor qualidade nos resultados&#8221; image_id=&#8221;9103&#8243;][\/info_list_son][info_list_son width=&#8221;45&#8243; height=&#8221;45&#8243; imgstyle=&#8221;img-thumbnail&#8221; titleclr=&#8221;#000000&#8243; title=&#8221;Divulgue a\u00e7\u00f5es em tempo real&#8221; image_id=&#8221;9103&#8243;][\/info_list_son][info_list_son width=&#8221;45&#8243; height=&#8221;45&#8243; imgstyle=&#8221;img-thumbnail&#8221; titleclr=&#8221;#000000&#8243; title=&#8221;Tenha mais praticidade e agilidade&#8221; image_id=&#8221;9103&#8243;][\/info_list_son][info_list_son width=&#8221;45&#8243; height=&#8221;45&#8243; imgstyle=&#8221;img-thumbnail&#8221; titleclr=&#8221;#000000&#8243; title=&#8221;Fidelize o seu p\u00fablico&#8221; image_id=&#8221;9103&#8243;][\/info_list_son][\/info_list_father][\/vc_column][\/vc_row][vc_row disable_element=&#8221;yes&#8221; css=&#8221;.vc_custom_1645800810405{padding-bottom: 40px !important;}&#8221;][vc_column][vc_row_inner][vc_column_inner][vc_empty_space height=&#8221;50px&#8221;]<header class=\"kd-section-title col-lg-12 text-center    \" ><h2 class=\"separator_off\" >Cases<\/h2><\/header>[vc_raw_html]JTNDcCUzRSU1QnBzYWNfcG9zdF9jYXJvdXNlbCUyMHNob3dfZGF0ZSUzRCUyMmZhbHNlJTIyJTIwc2hvd19hdXRob3IlM0QlMjJmYWxzZSUyMiUyMHNob3dfdGFncyUzRCUyMmZhbHNlJTIyJTIwc2hvd19jb21tZW50cyUzRCUyMmZhbHNlJTIyJTIwc2hvd19jYXRlZ29yeSUzRCUyMmZhbHNlJTIyJTIwc2hvd19jb250ZW50JTNEJTIyZmFsc2UlMjIlMjBzbGlkZXJoZWlnaHQlM0QlMjIzNTAlMjIlMjBhcnJvd3MlM0QlMjJmYWxzZSUyMiUyMGRvdHMlM0QlMjJmYWxzZSUyMiUyMGxpbWl0JTNEJTIyNiUyMiUyMGNhdGVnb3J5JTNEJTIyU2VtJTIwZGVzY3JpJUMzJUE3JUMzJUEzbyUwOWFwcC1taW5oYS1jb29wZXJhdGl2YSUyMiU1RCUzQyUyRnAlM0U=[\/vc_raw_html][vc_btn title=&#8221;CONFIRA OS NOSSOS CASES&#8221; color=&#8221;vista-blue&#8221; align=&#8221;center&#8221; link=&#8221;url:https%3A%2F%2Fblog.grupoportfolio.com.br%2Fportfolio-tech%2Fcases-portfolio-tech%2F|title:Cases%20Portfolio%20Tech&#8221;][\/vc_column_inner][\/vc_row_inner][vc_row_inner disable_element=&#8221;yes&#8221;][vc_column_inner][vc_basic_grid post_type=&#8221;post&#8221; max_items=&#8221;10&#8243; style=&#8221;pagination&#8221; items_per_page=&#8221;3&#8243; arrows_design=&#8221;vc_arrow-icon-arrow_01_left&#8221; arrows_position=&#8221;outside&#8221; item=&#8221;masonryGrid_OverlayWithRotation&#8221; grid_id=&#8221;vc_gid:1645800675880-b67d6f25-8e96-5&#8243; taxonomies=&#8221;36&#8243;][\/vc_column_inner][\/vc_row_inner][\/vc_column][\/vc_row][vc_row full_width=&#8221;stretch_row&#8221; css=&#8221;.vc_custom_1644523745546{padding-bottom: 0px !important;}&#8221; el_id=&#8221;contato&#8221;][vc_column width=&#8221;1\/4&#8243; css=&#8221;.vc_custom_1516095762744{padding-right: 0px !important;padding-left: 0px !important;}&#8221;][\/vc_column][vc_column width=&#8221;1\/2&#8243;][vc_empty_space height=&#8221;30px&#8221;]<header class=\"kd-section-title col-lg-12 text-center solid-line sep-border-width-2    \" ><h2 class=\"separator_on\" >Fale com a Portfolio Tech<\/h2><div class=\"kd-separator below_title\" ><div class=\"kd-separator-line\" ><\/div><\/div><h6 class=\"subtitle \" >Gostaria de saber mais sobre o app Minha Cooperativa? Consulte agora um especialista.<\/h6><\/header>[vc_empty_space height=&#8221;30px&#8221;]<div class=\"kd-contact-form full-width-cf\" >\n<div class=\"wpcf7 no-js\" id=\"wpcf7-f8576-o1\" lang=\"pt-BR\" dir=\"ltr\" data-wpcf7-id=\"8576\">\n<div class=\"screen-reader-response\"><p role=\"status\" aria-live=\"polite\" aria-atomic=\"true\"><\/p> <ul><\/ul><\/div>\n<form action=\"\/portfolio-tech\/wp-json\/wp\/v2\/pages\/8974#wpcf7-f8576-o1\" method=\"post\" class=\"wpcf7-form init\" aria-label=\"Formul\u00e1rios de contato\" novalidate=\"novalidate\" data-status=\"init\">\n<div style=\"display: none;\">\n<input type=\"hidden\" name=\"_wpcf7\" value=\"8576\" \/>\n<input type=\"hidden\" name=\"_wpcf7_version\" value=\"6.0.6\" \/>\n<input type=\"hidden\" name=\"_wpcf7_locale\" value=\"pt_BR\" \/>\n<input type=\"hidden\" name=\"_wpcf7_unit_tag\" value=\"wpcf7-f8576-o1\" \/>\n<input type=\"hidden\" name=\"_wpcf7_container_post\" value=\"0\" \/>\n<input type=\"hidden\" name=\"_wpcf7_posted_data_hash\" value=\"\" \/>\n<input type=\"hidden\" name=\"_wpcf7_recaptcha_response\" value=\"\" \/>\n<\/div>\n<div class=\"form\">\n\t<div class=\"form__input\">\n\t\t<p><span class=\"wpcf7-form-control-wrap\" data-name=\"nome\"><input size=\"40\" maxlength=\"400\" class=\"wpcf7-form-control wpcf7-text wpcf7-validates-as-required\" aria-required=\"true\" aria-invalid=\"false\" placeholder=\"Nome\" value=\"\" type=\"text\" name=\"nome\" \/><\/span>\n\t\t<\/p>\n\t<\/div>\n\t<div class=\"form__input\">\n\t\t<p><span class=\"wpcf7-form-control-wrap\" data-name=\"telefone\"><input size=\"40\" maxlength=\"400\" class=\"wpcf7-form-control wpcf7-tel wpcf7-validates-as-required wpcf7-text wpcf7-validates-as-tel\" aria-required=\"true\" aria-invalid=\"false\" placeholder=\"Telefone\" value=\"\" type=\"tel\" name=\"telefone\" \/><\/span>\n\t\t<\/p>\n\t<\/div>\n\t<div class=\"form__input\">\n\t\t<p><span class=\"wpcf7-form-control-wrap\" data-name=\"email\"><input size=\"40\" maxlength=\"400\" class=\"wpcf7-form-control wpcf7-email wpcf7-validates-as-required wpcf7-text wpcf7-validates-as-email\" aria-required=\"true\" aria-invalid=\"false\" placeholder=\"E-mail\" value=\"\" type=\"email\" name=\"email\" \/><\/span>\n\t\t<\/p>\n\t<\/div>\n\t<div class=\"form__input\">\n\t\t<p><span class=\"wpcf7-form-control-wrap\" data-name=\"mensagem\"><textarea cols=\"40\" rows=\"10\" maxlength=\"2000\" class=\"wpcf7-form-control wpcf7-textarea wpcf7-validates-as-required\" aria-required=\"true\" aria-invalid=\"false\" placeholder=\"Mensagem\" name=\"mensagem\"><\/textarea><\/span>\n\t\t<\/p>\n\t<\/div>\n\t<div class=\"form__input\">\n\t\t<p><span class=\"wpcf7-form-control-wrap\" data-name=\"aceite-termos\"><span class=\"wpcf7-form-control wpcf7-checkbox\"><span class=\"wpcf7-list-item first last\"><label><input type=\"checkbox\" name=\"aceite-termos[]\" value=\"Aceito receber informa\u00e7\u00f5es sobre ofertas e servi\u00e7os do Grupo Portfolio.\" \/><span class=\"wpcf7-list-item-label\">Aceito receber informa\u00e7\u00f5es sobre ofertas e servi\u00e7os do Grupo Portfolio.<\/span><\/label><\/span><\/span><\/span>\n\t\t<\/p>\n\t<\/div>\n\t<div class=\"form__input form__input--btnLarge\">\n\t\t<p><input class=\"wpcf7-form-control wpcf7-submit has-spinner\" type=\"submit\" value=\"Enviar\" \/>\n\t\t<\/p>\n\t<\/div>\n\t<div style=\"display:none;\">\n\t\t<p><span class=\"wpcf7-form-control-wrap\" data-name=\"identificador\"><input size=\"40\" maxlength=\"400\" class=\"wpcf7-form-control wpcf7-text\" aria-invalid=\"false\" value=\"pagina contato\" type=\"text\" name=\"identificador\" \/><\/span><br \/>\n<span class=\"wpcf7-form-control-wrap\" data-name=\"c_utmz\"><input size=\"40\" maxlength=\"400\" class=\"wpcf7-form-control wpcf7-text\" id=\"cookieutmz\" aria-invalid=\"false\" value=\"\" type=\"text\" name=\"c_utmz\" \/><\/span>\n\t\t<\/p>\n\t<\/div>\n\t<p><script type=\"text\/javascript\">\nfunction read_cookie(a){var b=a+\"=\";var c=document.cookie.split(\";\");for(var d=0;d\n\t\t\t<c.length;d++){var e=c[d];while(e.charAt(0)==\" \")e=e.substring(1,e.length);if(e.indexOf(b)==0){return e.substring(b.length,e.length)}}return null}try{document.getElementById(\"cookieutmz\").value=read_cookie(\"__utmz\")}catch(err){}\n<\/script>\n\t\t\t<\/c.length;d++){var><\/script>\n\t<\/p>\n<\/div><p style=\"display: none !important;\" class=\"akismet-fields-container\" data-prefix=\"_wpcf7_ak_\"><label>&#916;<textarea name=\"_wpcf7_ak_hp_textarea\" cols=\"45\" rows=\"8\" maxlength=\"100\"><\/textarea><\/label><input type=\"hidden\" id=\"ak_js_1\" name=\"_wpcf7_ak_js\" value=\"200\"\/><script>document.getElementById( \"ak_js_1\" ).setAttribute( \"value\", ( new Date() ).getTime() );<\/script><\/p><div class=\"wpcf7-response-output\" aria-hidden=\"true\"><\/div>\n<\/form>\n<\/div>\n<\/div>[\/vc_column][vc_column width=&#8221;1\/4&#8243;][\/vc_column][\/vc_row]<\/p>\n","protected":false},"excerpt":{"rendered":"<p>[vc_row full_width=&#8221;stretch_row&#8221; css=&#8221;.vc_custom_1600195021649{padding-top: 230px !important;padding-bottom: 130px !important;background-color: #3192d0 !important;}&#8221;][vc_column css=&#8221;.vc_custom_1513003956648{padding-top: 0px !important;}&#8221;][vc_row_inner content_placement=&#8221;bottom&#8221;][vc_column_inner width=&#8221;1\/2&#8243; css=&#8221;.vc_custom_1515605719516{padding-top: 30px !important;padding-left: 0px !important;}&#8221;][vc_btn title=&#8221;FALE COM UM ESPECIALISTA&#8221; style=&#8221;custom&#8221; custom_background=&#8221;#1dd985&#8243; custom_text=&#8221;#ffffff&#8221; link=&#8221;url:%23contato&#8221;][\/vc_column_inner][vc_column_inner width=&#8221;1\/2&#8243; css=&#8221;.vc_custom_1516118904697{padding-right: 0px !important;}&#8221;][vc_single_image image=&#8221;8589&#8243; img_size=&#8221;full&#8221; alignment=&#8221;center&#8221; css=&#8221;.vc_custom_1644364711710{margin-top: 50px !important;}&#8221;][\/vc_column_inner][\/vc_row_inner][\/vc_column][\/vc_row][vc_row css=&#8221;.vc_custom_1643809421717{padding-top: 40px !important;padding-bottom: 40px !important;}&#8221;][vc_column][vc_row_inner][vc_column_inner][vc_empty_space height=&#8221;25px&#8221;][\/vc_column_inner][\/vc_row_inner][vc_row_inner equal_height=&#8221;yes&#8221; [&hellip;]<\/p>\n","protected":false},"author":12,"featured_media":0,"parent":0,"menu_order":0,"comment_status":"closed","ping_status":"closed","template":"","meta":{"footnotes":""},"class_list":["post-8974","page","type-page","status-publish","hentry"],"aioseo_notices":[],"jetpack_sharing_enabled":true,"_links":{"self":[{"href":"https:\/\/blog.grupoportfolio.com.br\/portfolio-tech\/wp-json\/wp\/v2\/pages\/8974","targetHints":{"allow":["GET"]}}],"collection":[{"href":"https:\/\/blog.grupoportfolio.com.br\/portfolio-tech\/wp-json\/wp\/v2\/pages"}],"about":[{"href":"https:\/\/blog.grupoportfolio.com.br\/portfolio-tech\/wp-json\/wp\/v2\/types\/page"}],"author":[{"embeddable":true,"href":"https:\/\/blog.grupoportfolio.com.br\/portfolio-tech\/wp-json\/wp\/v2\/users\/12"}],"replies":[{"embeddable":true,"href":"https:\/\/blog.grupoportfolio.com.br\/portfolio-tech\/wp-json\/wp\/v2\/comments?post=8974"}],"version-history":[{"count":3,"href":"https:\/\/blog.grupoportfolio.com.br\/portfolio-tech\/wp-json\/wp\/v2\/pages\/8974\/revisions"}],"predecessor-version":[{"id":9336,"href":"https:\/\/blog.grupoportfolio.com.br\/portfolio-tech\/wp-json\/wp\/v2\/pages\/8974\/revisions\/9336"}],"wp:attachment":[{"href":"https:\/\/blog.grupoportfolio.com.br\/portfolio-tech\/wp-json\/wp\/v2\/media?parent=8974"}],"curies":[{"name":"wp","href":"https:\/\/api.w.org\/{rel}","templated":true}]}}